se -4*o + 3*n = -3 - 2, 5*o - 6 = 4*n. Suppose 0 = o*g + h - 2024, -5*g - 2*h = -5*h - 5060. List the prime factors of g.
2, 11, 23
Let u = -4361 - -4460. What are the prime factors of u?
3, 11
List the prime factors of -29974*(-3)/(-21)*((-294)/12)/7.
7, 2141
Let s(f) be the first derivative of 2*f**4 + f**3/3 + 5*f**2/2 - 7*f + 84. List the prime factors of s(4).
541
What are the prime factors of ((-268452)/(-15))/4 + 2 + 108/135?
11, 37
Suppose v + 5*k = 6678, 64*k = 3*v + 67*k - 20058. List the prime factors of v.
2, 11, 19
What are the prime factors of (6038 - 23)/((5/30)/(1/2))?
3, 5, 401
Let s(u) = -4*u**2 + 8 + 4*u - 5*u**2 + 10*u**2. Let v be s(-2). List the prime factors of 370/v + (-1 - 5/(-2)).
2, 47
Let v = 55 + -46. Suppose 0 = -4*b + 15 + v. What are the prime factors of 2062/14 - b/21?
3, 7
Let p(d) = -10*d + 11. Suppose 0 = 5*v - 21 - 9. Let g be 40/(-6) - (-4)/v. List the prime factors of p(g).
71
Let d = 27657 + -18915. Suppose -d + 2701 = -7*k. What are the prime factors of k?
863
Let q(y) = y**3 - 3*y**2 - y + 2. Let s be (-1)/(2/(-4)) - (1 + -5). Let m be q(s). List the prime factors of (1 + (-14)/10)*(-1 - m).
2, 3, 7
Suppose -6*g + 1016 = -7*g. Let j be 20/(-8)*g/10. Suppose -c + 0*c = -n - 93, 0 = 3*c + 2*n - j. What are the prime factors of c?
2, 11
Let n = -7162 - -11347. Suppose -w = -6*w - 2*g + 6956, 0 = -3*w - 5*g + n. List the prime factors of w.
2, 5, 139
Let c(v) = v**3 + 12*v**2 - 7*v - 4. Suppose -3*k + 24 = -3*b, 0*k - 23 = -3*k + 2*b. List the prime factors of c(k).
2, 439
Let o = 10431 + -5190. List the prime factors of o.
3, 1747
Suppose 5*c = 69320 - 24330. What are the prime factors of c?
2, 11, 409
Suppose n - 4*m - 57 = 0, n - 4*n + 2*m + 121 = 0. Let q = 122 - n. Suppose -3*d + 11 = -q. What are the prime factors of d?
2
Let r = 257 - 260. List the prime factors of ((-1)/r)/(6/8802) + 0.
3, 163
Let d = 10325 - 7334. List the prime factors of d.
3, 997
Let b(x) = 52*x**2 - 10*x + 16. Let q be ((-20)/(-35))/(2/7). List the prime factors of b(q).
2, 3, 17
Suppose 25 = 5*i - q, -3*i + 27 = -104*q + 101*q. Suppose 1808 = 4*y - i*v, 4*y - 5*v = -650 + 2462. What are the prime factors of y?
2, 7
Let m(p) = -21 + 26 + 34 + 22*p. Let c be m(-6). List the prime factors of (15/(-5))/(((-6)/c)/(-2)).
3, 31
Let s = 10851 - 11087. Let w = -91 + 19. Let a = w - s. List the prime factors of a.
2, 41
Let j(l) = 3*l**2 - l. Let h be j(2). Let f be 1 + -3 + h + 1. Suppose f*w - 8*w = 102. What are the prime factors of w?
2, 3, 17
Suppose -2*s + 955 = 3*s. Let p(u) = -25*u**2 - 5*u - 9. Let r be p(-2). Let c = s + r. List the prime factors of c.
2, 23
Let t(f) = 103*f**2 - 10*f - 15. Let b be t(-2). Let z = b + -397. What are the prime factors of z?
2, 5
Suppose -2*j = 8, 25 = 2*v - 5*j - 23. Let a be (-153)/(-21) + (-4)/v + 3. Suppose 0 = -2*l + a, -41 - 50 = -2*m - 3*l. List the prime factors of m.
2, 19
Let s(p) = p**2 - 23*p + 3. Let z be s(24). Let o(k) = -k**3 + 28*k**2 - 19*k - 6. List the prime factors of o(z).
2, 3, 5, 7
List the prime factors of (3028/2)/((-30)/(-135)).
3, 757
Let u(n) = 174*n**3 + 6*n**2 - 12*n + 45. What are the prime factors of u(3)?
3, 23
Let a be (-2)/(-16) - (-312)/64. Suppose 4 = -2*x - 2*x, 0 = 3*d + a*x - 79. Suppose 0 = -2*i + d + 62. What are the prime factors of i?
3, 5
Let i = -112 - -118. Suppose 0 = -i*j - 0*j - 870. Let o = 50 - j. List the prime factors of o.
3, 5, 13
Let f be (-100)/80 - 2769/(-4). Let r = 1154 - f. List the prime factors of r.
463
Let c(l) = -l**3 - 33*l**2 + l + 8. Let w(m) = m**3 + 17*m**2 - 4. Let p(n) = -4*c(n) - 7*w(n). Let j be p(5). Let g = 55 - j. What are the prime factors of g?
3, 43
Let u be 5/10 + (114/4 - 3). Suppose u*i = 21*i + 55. What are the prime factors of 217 + (2/4)/(i/(-88))?
3, 71
Let h = 214 + -71. Let i = h + -126. Suppose i*m - 1332 - 2510 = 0. List the prime factors of m.
2, 113
Let b = 228 + -381. Let u = b + 536. List the prime factors of u.
383
Suppose 0 = -1237*v + 1290*v - 100170. List the prime factors of v.
2, 3, 5, 7
Let u = 57 - 41. Let p = u - 14. Suppose p = -q + 33. What are the prime factors of q?
31
Let z be 210/12 - 6/(-12). Suppose z*d + 250 = 23*d. What are the prime factors of d?
2, 5
What are the prime factors of 1202625/(-900)*(-328)/10?
41, 1069
Suppose 0 = 2*i - 22 + 58. Let c(n) = -n**3 - 20*n**2 - 22*n + 36. Let k be c(i). Let u = 327 + k. What are the prime factors of u?
3, 37
Let o = 494 - 642. List the prime factors of ((-814)/o)/((-2)/(-452)).
11, 113
Let w = 236 + -103. Suppose w + 59 = 12*k. Suppose 19*a - k*a - 21 = 0. What are the prime factors of a?
7
Let x(k) = 47*k**2 - 5*k - 341. What are the prime factors of x(-15)?
13, 61
Suppose 3*h = 3*v - 15, -2*v - 15 = 3*h - 10. Suppose 263 = 4*t + p - 34, v*p = t - 63. List the prime factors of t.
73
Let t(m) = -13*m - 22. Let j = -281 - -275. What are the prime factors of t(j)?
2, 7
Let w = -11176 - -31254. What are the prime factors of w?
2, 10039
Suppose 2 = -d + 4, z - 10 = -d. Suppose z*r - 2265 = 2199. List the prime factors of r.
2, 3, 31
List the prime factors of (-126)/49*44387/(-34).
3, 373
Let d(t) = 304*t - 510. Let l be d(8). Suppose -10*v + 9*v + l = -3*u, 9594 = 5*v + u. What are the prime factors of v?
19, 101
Let o = -146 + 134. Suppose 6*r + 96 = 7*r. Let j = r - o. What are the prime factors of j?
2, 3
Let u = -177 + 224. Suppose -61*f + u*f = -9842. What are the prime factors of f?
19, 37
Suppose -5*o = -4*z + 110256, -8*z + 13*z - 137754 = -2*o. List the prime factors of z.
2, 23, 599
Suppose 4*w = 0, -2*l + 21 + 7 = -3*w. Suppose -65 = 4*d - 117. Suppose 151 = -d*r + l*r. What are the prime factors of r?
151
Suppose n - 78904 = 3*a, 0 = n + 15*a + 19401 - 98143. What are the prime factors of n?
78877
Suppose -78*a = -21*a - 79484 - 18727. What are the prime factors of a?
1723
Let t(h) = h**3 - 3*h**2 - 11*h - 9. Let k be t(-2). List the prime factors of 115 + k*(-6)/42.
2, 29
Let h(p) = 7*p**3 - 50*p**2 - 8*p + 51. List the prime factors of h(12).
3, 7, 11
Let q(k) = k**3 + 7*k**2 + 5*k - 2. Let w be (-442)/117 + (-2)/9. Let h be q(w). Suppose -21*f + h*f - 690 = 0. List the prime factors of f.
2, 3, 23
Let o = 14754 - 4082. List the prime factors of o.
2, 23, 29
Let z = 80 - 67. Suppose z*h - 710 = 11*h. List the prime factors of h.
5, 71
Let m be 26125/22 + 3*2/12. Suppose -3*o - m = -2*y, -1131 - 650 = -3*y + 4*o. List the prime factors of y.
3, 197
What are the prime factors of (19/38)/((-3)/10680)*-1?
2, 5, 89
Let n(x) = x**3 + 8*x**2 + 7*x - 9. Let w be n(-6). Let k = 16 - w. What are the prime factors of (-766)/(-8) - ((-5)/(-4))/k?
2, 3
Let z = -33 - -30. Let f(c) = 23*c - 12. Let w be f(z). List the prime factors of (w + 2)*-2*(-4)/(-8).
79
Let y(f) = 8*f**2 + 3*f + 3. Let t be y(2). Suppose 2*j + 5*z - t = 0, 2*j + 3*z = 38 - 7. Suppose -2*s - j*s + 130 = 0. What are the prime factors of s?
13
Let m = -7754 - -16771. List the prime factors of m.
71, 127
Let o be 2/10 - 1*6870/(-25). Suppose -3*m - o = -2*c + 502, 5*c - m = 1923. What are the prime factors of c?
2, 3
Let w = 9214 - 6478. List the prime factors of w.
2, 3, 19
Let q = 51 + 391. Let m = 1048 - q. List the prime factors of m.
2, 3, 101
Let y = -15145 + 37905. List the prime factors of y.
2, 5, 569
Suppose 0 = 7*l + 495 - 2357. Let a = l - 112. List the prime factors of a.
2, 7, 11
Suppose 0 = -55*w + 54*w. Suppose 5*b + 2*v - 2163 = w, b - 432 = -2*v + v. List the prime factors of b.
433
Suppose 14*q = 9*q + 4580. Let x = q + -231. List the prime factors of x.
5, 137
Suppose 2*r - 5685 = -3*i, -191*r + 4*i + 11380 = -187*r. What are the prime factors of r?
2, 3, 79
Let d(x) = -x**2 + 3*x - 7. Let p(q) = 2. Let f(c) = -d(c) - 2*p(c). Let k = -17 + 24. What are the prime factors of f(k)?
31
Suppose 4*h + 980424 = 45*h + 13*h. What are the prime factors of h?
2, 3, 17, 89
Let q(p) = 291 - p - 13*p**2 + 3 + 16*p**2. What are the prime factors of q(0)?
2, 3, 7
Let n(v) = 4*v - 4. Let x be n(4). Let m be 56/(-10)*((-660)/8 + -5). Suppose x*w - 7*w = m. List the prime factors of w.
2, 7
Suppose 55 = 13*o + 3. Suppose -2*v + 11 = -q, 0*q - o*q - 12 = -4*v. Suppose -f = -38 - v. What are the prime factors of f?
2, 23
Let c be 57/(-6) + 2 - 2/(-4). Let l be (0/2 + 